4*r + 31 + 171 = -3*p. Let v = p + 70. What is the highest common factor of v and 18?
2
Suppose 30 + 6 = 3*m. Suppose -612 = 104*o - 4551 - 9789. What is the greatest common divisor of m and o?
12
Let k = -50 + 46. Let g be 6 - (5 + k + 4). Let o = 48 - 41. Calculate the highest common divisor of o and g.
1
Let q = -4138 - -5224. Calculate the highest common divisor of 24 and q.
6
Suppose -4*l - 3*t = 10, 3*l + 12 = -2*t + 4. Let k be ((-6)/l)/(42/4256). Suppose 55*c + k = 63*c. Calculate the greatest common factor of c and 171.
19
Let m(s) = 2*s**3 - 6*s**2 + 5*s + 3. Let r(y) = 7*y - 88. Let p be r(13). Let x be m(p). Calculate the greatest common divisor of 54 and x.
18
Suppose 0 = -4*n - 3*n + 336. Suppose -45*q = -19*q - 832. Calculate the highest common factor of n and q.
16
Suppose 18835 = 3*c - o, 52157 = 15*c - o - 42014. What is the greatest common factor of 219 and c?
73
Let n(w) = -w**2 - 20*w - 42. Let k be n(-13). Suppose 3*l + a = k, 6*l - l = a + 79. Calculate the greatest common divisor of 28 and l.
4
Let s be -125*5/((-50)/4). Suppose -40 - s = -h. Suppose -36 = -210*n + 208*n. Calculate the greatest common divisor of n and h.
18
Suppose -14*f - 230 = -24*f - 36*f. What is the greatest common divisor of 335 and f?
5
Let h(l) = -6*l + 3. Let g = 34 - 50. Let c be h(g). Suppose -2*s + 2 = -20. What is the highest common factor of c and s?
11
Let q be ((-1320)/80*72/(-33))/(2/7). What is the greatest common divisor of 567 and q?
63
Let o be ((-13)/(455/(-30)))/((-6)/(-28)). Suppose 4*b = -h + 15 + 10, 0 = -4*h + o. Calculate the highest common factor of 36 and b.
6
Suppose 2*d - 499 = m - 2079, 2*d = -3*m + 4756. What is the greatest common factor of m and 80?
16
Let l(p) = -p**3 - 4*p**2 + 12*p - 11. Let m(b) = -3*b + 3. Let d be m(4). Let j be l(d). Let k = 10 + 16. Calculate the highest common factor of j and k.
26
Let q = 849 - 2302. Let u = -612 - q. Calculate the highest common divisor of u and 29.
29
Suppose 2*u + 6 = 0, q - u - 4*u = 191. Suppose 7*c = 2*c + 130. Let z be (-12)/((-15)/(-5)) + c. What is the highest common factor of z and q?
22
Suppose -29*z = 15*z + 18*z - 558. What is the greatest common divisor of z and 128?
1
Let x(v) = -76*v - 643. Let r be x(-10). What is the highest common divisor of 1313 and r?
13
Let f be (81 - (8 + 5 - 14))/2. What is the greatest common factor of f and 2747?
41
Let a = -870 - -1827. Calculate the highest common divisor of a and 174.
87
Let z(n) = 2*n - 30. Let k be z(16). Let j(b) = -k + 86*b - 5 + 0. Let a be j(2). What is the highest common factor of a and 15?
15
Let m(c) = 5*c + 5. Let z be m(-1). Suppose 87*l - 74*l - 260 = z. What is the highest common factor of l and 40?
20
Let h = 136 + -132. Let s be 2 + 219/h + 6/24. Calculate the highest common divisor of 38 and s.
19
Suppose 0 = 3*d - 4*k + 191, -k + 62 = -d + 2*k. Let m be ((-24)/40*d)/(3/38). What is the greatest common divisor of 38 and m?
38
Suppose 374 + 615 = 4*x - 2595. What is the highest common factor of x and 504?
56
Suppose -31*g + 26*g + l + 25805 = 0, 2*l - 10334 = -2*g. Calculate the highest common factor of g and 58.
58
Suppose 119*g - 222 = 116*g - 2*r, 363 = 5*g + r. Let b = 20 - -4. Calculate the greatest common divisor of g and b.
24
Let k(m) = 6*m**2 - 2*m - 230. Let o be k(-7). Let r be ((-16)/3)/(6/(-9)). Let w = r + -5. What is the greatest common factor of w and o?
3
Let x = -25004 + 25047. Calculate the greatest common divisor of x and 47171.
43
Let h(n) = 6*n**3 - 6*n**2 + 11*n - 38. Let k be h(5). Suppose -6*r + 2777 = k. Calculate the greatest common divisor of 90 and r.
90
Let b(m) = 2 + 4*m - 2*m**3 - 66*m**2 + 65*m**2 - 2. Let k be b(-3). Calculate the greatest common factor of 1023 and k.
33
Let g(u) = -206*u + 1. Let s be g(-1). Let n = 408903 + -408876. Calculate the highest common divisor of s and n.
9
Let v(x) = 14*x + 328. Suppose -14*z + 8 = -15*z. Let m be v(z). What is the highest common divisor of m and 72?
72
Suppose -3*t - 44 = -113. Suppose 3*l + 349 = 2*i - 148, 4*i = 2*l + 1006. Calculate the highest common factor of i and t.
23
Let s be (-6)/(((-21)/(-18) + -1)*-4). Let h = -16 - -21. Suppose z = -t + 10, -4*t - h = 2*z - 27. Calculate the highest common factor of z and s.
9
Suppose 3*i + 15191 = 2*w, 45*i + 68272 = 9*w + 49*i. What is the highest common factor of w and 84?
28
Let c be 453*-1*(-4)/12. Suppose c*s - 148 = 150*s. Calculate the highest common divisor of s and 111.
37
Let f = -1067 - -1090. What is the highest common divisor of f and 1?
1
Let m be 120/3 - 37/((-296)/16). What is the highest common divisor of m and 4480?
14
Suppose 0 = -10*n - 126*n + 62*n + 275650. What is the highest common divisor of n and 100?
25
Suppose 0 = -b + 2*d + 662, 2*b + 4*d + 686 = 1954. Calculate the highest common factor of 2025 and b.
81
Let x = -506 + 503. Let r be 2*-1*x + 285/15. Calculate the highest common factor of 475 and r.
25
Suppose -93 = -5*x + 113 + 94. What is the greatest common factor of 135 and x?
15
Suppose -2*g + g = 0. Suppose -4*h + 414 = 13*d - 11*d, -5*h + 3*d = -490. Suppose 6*q - h - 115 = g. Calculate the greatest common factor of q and 48.
12
Let r be 415/2490 - 43330/(-12). Calculate the greatest common factor of 92 and r.
23
Suppose -4*i - 2*u = -2290, i - 358 - 228 = 4*u. Calculate the greatest common divisor of 84 and i.
14
Let v be ((-5)/15)/((-3)/936). Suppose 0 = 2*l - 3*a - v, -l - 2*a - 3*a = -52. Let u = 134 - l. What is the greatest common factor of u and 41?
41
Let u be (-163 - -2)/(13/26*-2). Calculate the greatest common factor of 575 and u.
23
Let s be ((-20)/(-4))/(-75) + (-4020315)/(-225). Calculate the highest common factor of 12 and s.
12
Suppose 4*k - 79 = 5*i, -2*k = -3*i - 63 + 24. Let r(o) = 2*o**2 - 2*o - 86. Let j be r(0). Let c = j - -89. What is the highest common factor of k and c?
3
Let g be 201*(0 - 1)*(-418)/1254. Calculate the greatest common divisor of g and 14338.
67
Suppose -389561 = -19*v + 252272 - 41376. What is the greatest common factor of 187 and v?
187
Suppose -27*u + 448 = -1658. Suppose -u + 6 = -3*d. Calculate the greatest common divisor of d and 60.
12
Let b be (7 + (-138)/18)*-15. What is the greatest common divisor of 7110 and b?
10
Let z = 210 + -179. Let t = z + -19. Suppose 2*d + 5*l + 3 = 0, 2*d + d - 2*l - 24 = 0. Calculate the highest common divisor of d and t.
6
Suppose 23*b - 2976 = 7*b + 2*p, -4*b + 3*p = -744. What is the highest common divisor of b and 961?
31
Suppose 7*y - 1633 = -2*t + 8*y, t = 3*y + 819. What is the greatest common divisor of 72 and t?
24
Suppose -5*c - 126 = 74. Let v = c + 70. Let u be (-2 - -2 - 0) + 15. Calculate the highest common factor of v and u.
15
Let f be -4 + 2 - (-6 + 11)*-1. Suppose -5*q = 7 + f, -4*q - 548 = -4*i. What is the highest common divisor of i and 180?
45
Let o = 1284 + -1274. Let b(z) = z + 17. Let t be b(-5). Let k be 2/(3/(10*t)). What is the greatest common divisor of o and k?
10
Let w be ((-4408)/(-114))/(((-35)/60)/(-7)). Calculate the greatest common divisor of w and 9048.
232
Let b be -375*(-3 - (-5 - 14/(-5))). Suppose -5*t - 7*t + b = 0. Let p(y) = -6*y**3 - 2*y - 2. Let d be p(-2). What is the greatest common factor of d and t?
25
Let y = -1594 + 1829. Let u(m) = -14*m - 4. Let o(p) = 70*p + 20. Let h(d) = 2*o(d) + 11*u(d). Let l be h(-7). What is the highest common factor of l and y?
47
Let w(q) be the first derivative of -21*q**2 - 4*q - 4. Let v be w(-2). Let m(x) = -2*x + 15. Let s be m(5). Calculate the highest common factor of v and s.
5
Suppose 0 = w + 3*w - 24. Let n be -7 - (-11 + (5 - -1)). Let c be 23/4 - n/8. What is the highest common divisor of c and w?
6
Suppose -19*q = -24*q - 3*t + 2595, t + 1038 = 2*q. Calculate the highest common factor of 1211 and q.
173
Let y be -2 + 692 - 2 - 4. Suppose -5*w = -w - y. Suppose -756 = -10*t - 186. What is the highest common factor of t and w?
57
Let d(k) = 2*k**3 + 13*k**2 - 25*k - 105. Let b be d(-6). Calculate the highest common factor of 126 and b.
9
Let i(j) be the third derivative of -j**4/24 + 4*j**3 - 59*j**2. Let g be i(-11). Calculate the greatest common divisor of 175 and g.
35
Suppose 5*t + 15 = -5*y, y - 2 = 2*t + 1. Let o be 5/t*(-4)/(-5)*-2. What is the greatest com